{"id":607,"date":"2023-02-24T17:31:05","date_gmt":"2023-02-24T16:31:05","guid":{"rendered":"http:\/\/www.nts.sk\/?page_id=607"},"modified":"2023-02-25T19:35:35","modified_gmt":"2023-02-25T18:35:35","slug":"navrh-a-instalacia","status":"publish","type":"page","link":"https:\/\/www.nts.sk\/index.php\/services\/navrh-a-instalacia\/","title":{"rendered":"N\u00e1vrh a in\u0161tal\u00e1cia IT prostredia"},"content":{"rendered":"\t\t<div data-elementor-type=\"wp-page\" data-elementor-id=\"607\" class=\"elementor elementor-607\">\n\t\t\t\t\t\t<section class=\"elementor-section elementor-top-section elementor-element elementor-element-a465bd2 elementor-section-boxed elementor-section-height-default elementor-section-height-default\" data-id=\"a465bd2\" data-element_type=\"section\" data-e-type=\"section\">\n\t\t\t\t\t\t<div class=\"elementor-container elementor-column-gap-default\">\n\t\t\t\t\t<div class=\"elementor-column elementor-col-100 elementor-top-column elementor-element elementor-element-3407146\" data-id=\"3407146\" data-element_type=\"column\" data-e-type=\"column\">\n\t\t\t<div class=\"elementor-widget-wrap elementor-element-populated\">\n\t\t\t\t\t\t<div class=\"elementor-element elementor-element-7246a08 elementor-widget elementor-widget-text-editor\" data-id=\"7246a08\" data-element_type=\"widget\" data-e-type=\"widget\" data-widget_type=\"text-editor.default\">\n\t\t\t\t<div class=\"elementor-widget-container\">\n\t\t\t\t\t\t\t\t\t<div id=\"ultimate-heading-315663fa23157fa9f\" class=\"uvc-heading ult-adjust-bottom-margin ultimate-heading-315663fa23157fa9f uvc-4913 accent-subtitle-color\" data-hspacer=\"no_spacer\" data-halign=\"left\"><div class=\"uvc-main-heading ult-responsive\" data-ultimate-target=\".uvc-heading.ultimate-heading-315663fa23157fa9f h2\" data-responsive-json-new=\"{&quot;font-size&quot;:&quot;desktop:30px;&quot;,&quot;line-height&quot;:&quot;desktop:40px;&quot;}\"><h2>Invest\u00edcia do IT prostredia by mala by\u0165 cielen\u00e1<\/h2><\/div><div class=\"uvc-sub-heading ult-responsive\" data-ultimate-target=\".uvc-heading.ultimate-heading-315663fa23157fa9f .uvc-sub-heading \" data-responsive-json-new=\"{&quot;font-size&quot;:&quot;desktop:20px;&quot;,&quot;line-height&quot;:&quot;desktop:30px;&quot;}\">Nakupova\u0165 IT prostriedky znamen\u00e1 vedie\u0165, \u010do t\u00fdm chcete vyrie\u0161i\u0165 a pokry\u0165.<\/div><\/div><div class=\"wpb_text_column wpb_content_element  vc_custom_1600069516236\"><div class=\"wpb_wrapper\"><p>Pom\u00f4\u017eeme V\u00e1m s anal\u00fdzou v\u00e1\u0161ho projektu alebo aktu\u00e1lneho stavu IT prostredia. Na z\u00e1klade meran\u00ed, n\u00e1rokov aplik\u00e1ci\u00ed a na\u0161ich sk\u00fasenost\u00ed V\u00e1m navrhneme optim\u00e1lne diskov\u00e9 polia, servery, software vybavenie. Rovnako pom\u00f4\u017eeme aj s v\u00fdberom po\u010d\u00edta\u010dov a notebookov pre Va\u0161ich zamestnancov.<\/p><p>Nami navrhnut\u00e9 rie\u0161enie vieme v\u010das doda\u0165 a odborne nain\u0161talova\u0165, pr\u00edpadne za\u0161koli\u0165 V\u00e1\u0161 IT person\u00e1l.<\/p><p>M\u00e1me za sebou ve\u013ea \u00faspe\u0161n\u00fdch n\u00e1vrhov a in\u0161tal\u00e1ci\u00ed IT projektov, po ktor\u00fdch bol z\u00e1kazn\u00edk spokojn\u00fd s na\u0161im rie\u0161en\u00edm a na\u0161ou pr\u00e1cou.<\/p><\/div><\/div>\t\t\t\t\t\t\t\t<\/div>\n\t\t\t\t<\/div>\n\t\t\t\t\t<\/div>\n\t\t<\/div>\n\t\t\t\t\t<\/div>\n\t\t<\/section>\n\t\t\t\t<section class=\"elementor-section elementor-top-section elementor-element elementor-element-7dd7901 elementor-section-boxed elementor-section-height-default elementor-section-height-default\" data-id=\"7dd7901\" data-element_type=\"section\" data-e-type=\"section\">\n\t\t\t\t\t\t<div class=\"elementor-container elementor-column-gap-default\">\n\t\t\t\t\t<div class=\"elementor-column elementor-col-50 elementor-top-column elementor-element elementor-element-c4e8169\" data-id=\"c4e8169\" data-element_type=\"column\" data-e-type=\"column\">\n\t\t\t<div class=\"elementor-widget-wrap elementor-element-populated\">\n\t\t\t\t\t\t<div class=\"elementor-element elementor-element-d1b25bc elementor-widget elementor-widget-text-editor\" data-id=\"d1b25bc\" data-element_type=\"widget\" data-e-type=\"widget\" data-widget_type=\"text-editor.default\">\n\t\t\t\t<div class=\"elementor-widget-container\">\n\t\t\t\t\t\t\t\t\t<div class=\"aio-icon-header\"><h3 class=\"aio-icon-title ult-responsive\" data-ultimate-target=\"#Info-box-wrap-1036 .aio-icon-title\" data-responsive-json-new=\"{&quot;font-size&quot;:&quot;desktop:20px;&quot;,&quot;line-height&quot;:&quot;desktop:30px;&quot;}\">Anal\u00fdza<\/h3><\/div><div class=\"aio-icon-description ult-responsive\" data-ultimate-target=\"#Info-box-wrap-1036 .aio-icon-description\" data-responsive-json-new=\"{&quot;font-size&quot;:&quot;&quot;,&quot;line-height&quot;:&quot;&quot;}\">Anal\u00fdza za\u010d\u00edna zisten\u00edm aktu\u00e1lnych potrieb a probl\u00e9mov u z\u00e1kazn\u00edka. Spr\u00e1vnou anal\u00fdzou sa predch\u00e1dza nespr\u00e1vnemu fungovaniu nov\u00e9ho IT prostredia a nespokojnosti klienta.<\/div>\t\t\t\t\t\t\t\t<\/div>\n\t\t\t\t<\/div>\n\t\t\t\t\t<\/div>\n\t\t<\/div>\n\t\t\t\t<div class=\"elementor-column elementor-col-50 elementor-top-column elementor-element elementor-element-bf0129e\" data-id=\"bf0129e\" data-element_type=\"column\" data-e-type=\"column\">\n\t\t\t<div class=\"elementor-widget-wrap elementor-element-populated\">\n\t\t\t\t\t\t<div class=\"elementor-element elementor-element-a61ee07 elementor-widget elementor-widget-text-editor\" data-id=\"a61ee07\" data-element_type=\"widget\" data-e-type=\"widget\" data-widget_type=\"text-editor.default\">\n\t\t\t\t<div class=\"elementor-widget-container\">\n\t\t\t\t\t\t\t\t\t<div class=\"aio-icon-header\"><h3 class=\"aio-icon-title ult-responsive\" data-ultimate-target=\"#Info-box-wrap-6989 .aio-icon-title\" data-responsive-json-new=\"{&quot;font-size&quot;:&quot;desktop:20px;&quot;,&quot;line-height&quot;:&quot;desktop:30px;&quot;}\">N\u00e1vrh IT prostriedkov<\/h3><\/div><div class=\"aio-icon-description ult-responsive\" data-ultimate-target=\"#Info-box-wrap-6989 .aio-icon-description\" data-responsive-json-new=\"{&quot;font-size&quot;:&quot;&quot;,&quot;line-height&quot;:&quot;&quot;}\">N\u00e1vrh hardware a software komponentov vykon\u00e1 n\u00e1\u0161 za\u0161kolen\u00fd a sk\u00fasen\u00fd person\u00e1l. Pri v\u00e4\u010d\u0161\u00edch projektoch m\u00e1me k dispoz\u00edcii priamo v\u00fdrobcov pre potvrdenie spr\u00e1vnosti rie\u0161enia.<\/div>\t\t\t\t\t\t\t\t<\/div>\n\t\t\t\t<\/div>\n\t\t\t\t\t<\/div>\n\t\t<\/div>\n\t\t\t\t\t<\/div>\n\t\t<\/section>\n\t\t\t\t<section class=\"elementor-section elementor-top-section elementor-element elementor-element-8e342a7 elementor-section-boxed elementor-section-height-default elementor-section-height-default\" data-id=\"8e342a7\" data-element_type=\"section\" data-e-type=\"section\">\n\t\t\t\t\t\t<div class=\"elementor-container elementor-column-gap-default\">\n\t\t\t\t\t<div class=\"elementor-column elementor-col-100 elementor-top-column elementor-element elementor-element-01d8423\" data-id=\"01d8423\" data-element_type=\"column\" data-e-type=\"column\">\n\t\t\t<div class=\"elementor-widget-wrap elementor-element-populated\">\n\t\t\t\t\t\t<div class=\"elementor-element elementor-element-df70706 elementor-widget elementor-widget-image\" data-id=\"df70706\" data-element_type=\"widget\" data-e-type=\"widget\" data-widget_type=\"image.default\">\n\t\t\t\t<div class=\"elementor-widget-container\">\n\t\t\t\t\t\t\t\t\t\t\t\t\t\t\t<img fetchpriority=\"high\" decoding=\"async\" width=\"600\" height=\"400\" src=\"https:\/\/www.nts.sk\/wp-content\/uploads\/2023\/02\/kolieska.jpg\" class=\"attachment-large size-large wp-image-775\" alt=\"\" srcset=\"https:\/\/www.nts.sk\/wp-content\/uploads\/2023\/02\/kolieska.jpg 600w, https:\/\/www.nts.sk\/wp-content\/uploads\/2023\/02\/kolieska-300x200.jpg 300w\" sizes=\"(max-width: 600px) 100vw, 600px\" \/>\t\t\t\t\t\t\t\t\t\t\t\t\t\t\t<\/div>\n\t\t\t\t<\/div>\n\t\t\t\t\t<\/div>\n\t\t<\/div>\n\t\t\t\t\t<\/div>\n\t\t<\/section>\n\t\t\t\t<section class=\"elementor-section elementor-top-section elementor-element elementor-element-171067d elementor-section-boxed elementor-section-height-default elementor-section-height-default\" data-id=\"171067d\" data-element_type=\"section\" data-e-type=\"section\">\n\t\t\t\t\t\t<div class=\"elementor-container elementor-column-gap-default\">\n\t\t\t\t\t<div class=\"elementor-column elementor-col-50 elementor-top-column elementor-element elementor-element-f720546\" data-id=\"f720546\" data-element_type=\"column\" data-e-type=\"column\">\n\t\t\t<div class=\"elementor-widget-wrap elementor-element-populated\">\n\t\t\t\t\t\t<div class=\"elementor-element elementor-element-32b83df elementor-widget elementor-widget-text-editor\" data-id=\"32b83df\" data-element_type=\"widget\" data-e-type=\"widget\" data-widget_type=\"text-editor.default\">\n\t\t\t\t<div class=\"elementor-widget-container\">\n\t\t\t\t\t\t\t\t\t<div class=\"aio-icon-header\"><h3 class=\"aio-icon-title ult-responsive\" data-ultimate-target=\"#Info-box-wrap-9407 .aio-icon-title\" data-responsive-json-new=\"{&quot;font-size&quot;:&quot;desktop:20px;&quot;,&quot;line-height&quot;:&quot;desktop:30px;&quot;}\">In\u0161tal\u00e1cia hardware a software<\/h3><\/div><div class=\"aio-icon-description ult-responsive\" data-ultimate-target=\"#Info-box-wrap-9407 .aio-icon-description\" data-responsive-json-new=\"{&quot;font-size&quot;:&quot;&quot;,&quot;line-height&quot;:&quot;&quot;}\">Na z\u00e1klade klientom schv\u00e1len\u00e9ho n\u00e1vrhu sa vykon\u00e1 in\u0161tal\u00e1cia hardware a software. Otestovan\u00edm funk\u010dnosti IT prostredia sa potvrd\u00ed spr\u00e1vnos\u0165 n\u00e1vrhu pod\u013ea anal\u00fdzy.<\/div>\t\t\t\t\t\t\t\t<\/div>\n\t\t\t\t<\/div>\n\t\t\t\t\t<\/div>\n\t\t<\/div>\n\t\t\t\t<div class=\"elementor-column elementor-col-50 elementor-top-column elementor-element elementor-element-e4a7c03\" data-id=\"e4a7c03\" data-element_type=\"column\" data-e-type=\"column\">\n\t\t\t<div class=\"elementor-widget-wrap elementor-element-populated\">\n\t\t\t\t\t\t<div class=\"elementor-element elementor-element-56ad5d7 elementor-widget elementor-widget-text-editor\" data-id=\"56ad5d7\" data-element_type=\"widget\" data-e-type=\"widget\" data-widget_type=\"text-editor.default\">\n\t\t\t\t<div class=\"elementor-widget-container\">\n\t\t\t\t\t\t\t\t\t<div class=\"aio-icon-header\"><h3 class=\"aio-icon-title ult-responsive\" data-ultimate-target=\"#Info-box-wrap-9644 .aio-icon-title\" data-responsive-json-new=\"{&quot;font-size&quot;:&quot;desktop:20px;&quot;,&quot;line-height&quot;:&quot;desktop:30px;&quot;}\">Odovzdanie<\/h3><\/div><div class=\"aio-icon-description ult-responsive\" data-ultimate-target=\"#Info-box-wrap-9644 .aio-icon-description\" data-responsive-json-new=\"{&quot;font-size&quot;:&quot;&quot;,&quot;line-height&quot;:&quot;&quot;}\">Klientovi odovzd\u00e1me funk\u010dn\u00e9 prostredia alebo IT prostriedky a sme k dispoz\u00edcii pre pr\u00edpad neo\u010dak\u00e1van\u00fdch probl\u00e9mov. Za\u0161kol\u00edme person\u00e1l alebo preberieme pln\u00fa spr\u00e1vu a podporu cel\u00e9ho prostredia.<\/div>\t\t\t\t\t\t\t\t<\/div>\n\t\t\t\t<\/div>\n\t\t\t\t\t<\/div>\n\t\t<\/div>\n\t\t\t\t\t<\/div>\n\t\t<\/section>\n\t\t\t\t<section class=\"elementor-section elementor-top-section elementor-element elementor-element-84628b3 elementor-section-boxed elementor-section-height-default elementor-section-height-default\" data-id=\"84628b3\" data-element_type=\"section\" data-e-type=\"section\">\n\t\t\t\t\t\t<div class=\"elementor-container elementor-column-gap-default\">\n\t\t\t\t\t<div class=\"elementor-column elementor-col-50 elementor-top-column elementor-element elementor-element-5fc8da6\" data-id=\"5fc8da6\" data-element_type=\"column\" data-e-type=\"column\">\n\t\t\t<div class=\"elementor-widget-wrap elementor-element-populated\">\n\t\t\t\t\t\t<div class=\"elementor-element elementor-element-ef97e19 elementor-widget elementor-widget-text-editor\" data-id=\"ef97e19\" data-element_type=\"widget\" data-e-type=\"widget\" data-widget_type=\"text-editor.default\">\n\t\t\t\t<div class=\"elementor-widget-container\">\n\t\t\t\t\t\t\t\t\t<div id=\"ultimate-heading-288463fa2315853a9\" class=\"uvc-heading ult-adjust-bottom-margin ultimate-heading-288463fa2315853a9 uvc-7578 accent-subtitle-color\" data-hspacer=\"no_spacer\" data-halign=\"left\"><div class=\"uvc-main-heading ult-responsive\" data-ultimate-target=\".uvc-heading.ultimate-heading-288463fa2315853a9 h3\" data-responsive-json-new=\"{&quot;font-size&quot;:&quot;desktop:30px;&quot;,&quot;line-height&quot;:&quot;desktop:40px;&quot;}\"><h3>Pon\u00fakame na\u0161e sk\u00fasenosti<\/h3><\/div><\/div><div class=\"standard-arrow bullet-top\"><ul><li>Viac ako 60 spokojn\u00fdch klientov<\/li><li>Predan\u00fdch viac ako 150 diskov\u00fdch pol\u00ed<\/li><li>Predan\u00fdch viac ako 1500 serverov<\/li><li>Sme jeden z najv\u00e4\u010d\u0161\u00edch DELL partnerov na Slovensku<\/li><li>M\u00e1me k dispoz\u00edcii certifikovan\u00fd team \u013eud\u00ed so sk\u00fasenos\u0165ami<\/li><li>Zabezpe\u010d\u00edme cel\u00fd kolobeh od n\u00e1vrhu a\u017e po spr\u00e1vu<\/li><\/ul><\/div>\t\t\t\t\t\t\t\t<\/div>\n\t\t\t\t<\/div>\n\t\t\t\t\t<\/div>\n\t\t<\/div>\n\t\t\t\t<div class=\"elementor-column elementor-col-25 elementor-top-column elementor-element elementor-element-f522713\" data-id=\"f522713\" data-element_type=\"column\" data-e-type=\"column\">\n\t\t\t<div class=\"elementor-widget-wrap\">\n\t\t\t\t\t\t\t<\/div>\n\t\t<\/div>\n\t\t\t\t<div class=\"elementor-column elementor-col-25 elementor-top-column elementor-element elementor-element-c86e954\" data-id=\"c86e954\" data-element_type=\"column\" data-e-type=\"column\">\n\t\t\t<div class=\"elementor-widget-wrap\">\n\t\t\t\t\t\t\t<\/div>\n\t\t<\/div>\n\t\t\t\t\t<\/div>\n\t\t<\/section>\n\t\t\t\t<\/div>\n\t\t","protected":false},"excerpt":{"rendered":"<p>Invest\u00edcia do IT prostredia by mala by\u0165 cielen\u00e1 Nakupova\u0165 IT prostriedky znamen\u00e1 vedie\u0165, \u010do t\u00fdm chcete vyrie\u0161i\u0165 a pokry\u0165. Pom\u00f4\u017eeme V\u00e1m s anal\u00fdzou v\u00e1\u0161ho projektu alebo aktu\u00e1lneho stavu IT prostredia. Na z\u00e1klade meran\u00ed, n\u00e1rokov aplik\u00e1ci\u00ed a na\u0161ich sk\u00fasenost\u00ed V\u00e1m navrhneme optim\u00e1lne diskov\u00e9 polia, servery, software vybavenie. Rovnako pom\u00f4\u017eeme aj s v\u00fdberom po\u010d\u00edta\u010dov a notebookov pre Va\u0161ich zamestnancov. Nami navrhnut\u00e9 rie\u0161enie&#8230;<\/p>\n","protected":false},"author":2,"featured_media":0,"parent":561,"menu_order":0,"comment_status":"closed","ping_status":"closed","template":"","meta":{"footnotes":"","_links_to":"","_links_to_target":""},"class_list":["post-607","page","type-page","status-publish","hentry"],"_links":{"self":[{"href":"https:\/\/www.nts.sk\/index.php\/wp-json\/wp\/v2\/pages\/607","targetHints":{"allow":["GET"]}}],"collection":[{"href":"https:\/\/www.nts.sk\/index.php\/wp-json\/wp\/v2\/pages"}],"about":[{"href":"https:\/\/www.nts.sk\/index.php\/wp-json\/wp\/v2\/types\/page"}],"author":[{"embeddable":true,"href":"https:\/\/www.nts.sk\/index.php\/wp-json\/wp\/v2\/users\/2"}],"replies":[{"embeddable":true,"href":"https:\/\/www.nts.sk\/index.php\/wp-json\/wp\/v2\/comments?post=607"}],"version-history":[{"count":5,"href":"https:\/\/www.nts.sk\/index.php\/wp-json\/wp\/v2\/pages\/607\/revisions"}],"predecessor-version":[{"id":778,"href":"https:\/\/www.nts.sk\/index.php\/wp-json\/wp\/v2\/pages\/607\/revisions\/778"}],"up":[{"embeddable":true,"href":"https:\/\/www.nts.sk\/index.php\/wp-json\/wp\/v2\/pages\/561"}],"wp:attachment":[{"href":"https:\/\/www.nts.sk\/index.php\/wp-json\/wp\/v2\/media?parent=607"}],"curies":[{"name":"wp","href":"https:\/\/api.w.org\/{rel}","templated":true}]}}