{"id":623,"date":"2023-02-24T17:37:50","date_gmt":"2023-02-24T16:37:50","guid":{"rendered":"http:\/\/www.nts.sk\/?page_id=623"},"modified":"2023-02-25T20:56:40","modified_gmt":"2023-02-25T19:56:40","slug":"sietove-sluzby","status":"publish","type":"page","link":"https:\/\/www.nts.sk\/index.php\/services\/sietove-sluzby\/","title":{"rendered":"Sie\u0165ov\u00e9 slu\u017eby"},"content":{"rendered":"\t\t<div data-elementor-type=\"wp-page\" data-elementor-id=\"623\" class=\"elementor elementor-623\">\n\t\t\t\t\t\t<section class=\"elementor-section elementor-top-section elementor-element elementor-element-a6a48f2 elementor-section-boxed elementor-section-height-default elementor-section-height-default\" data-id=\"a6a48f2\" data-element_type=\"section\" data-e-type=\"section\">\n\t\t\t\t\t\t<div class=\"elementor-container elementor-column-gap-default\">\n\t\t\t\t\t<div class=\"elementor-column elementor-col-100 elementor-top-column elementor-element elementor-element-350b1fc\" data-id=\"350b1fc\" data-element_type=\"column\" data-e-type=\"column\">\n\t\t\t<div class=\"elementor-widget-wrap elementor-element-populated\">\n\t\t\t\t\t\t<div class=\"elementor-element elementor-element-af7f7a1 elementor-widget elementor-widget-heading\" data-id=\"af7f7a1\" data-element_type=\"widget\" data-e-type=\"widget\" data-widget_type=\"heading.default\">\n\t\t\t\t<div class=\"elementor-widget-container\">\n\t\t\t\t\t<h2 class=\"elementor-heading-title elementor-size-default\">Aby ste mali v\u017edy bezpe\u010dn\u00e9 spojenie<\/h2>\t\t\t\t<\/div>\n\t\t\t\t<\/div>\n\t\t\t\t\t<\/div>\n\t\t<\/div>\n\t\t\t\t\t<\/div>\n\t\t<\/section>\n\t\t\t\t<section class=\"elementor-section elementor-top-section elementor-element elementor-element-b66c036 elementor-section-boxed elementor-section-height-default elementor-section-height-default\" data-id=\"b66c036\" data-element_type=\"section\" data-e-type=\"section\">\n\t\t\t\t\t\t<div class=\"elementor-container elementor-column-gap-default\">\n\t\t\t\t\t<div class=\"elementor-column elementor-col-100 elementor-top-column elementor-element elementor-element-8622954\" data-id=\"8622954\" data-element_type=\"column\" data-e-type=\"column\">\n\t\t\t<div class=\"elementor-widget-wrap elementor-element-populated\">\n\t\t\t\t\t\t<div class=\"elementor-element elementor-element-82f168d elementor-widget elementor-widget-heading\" data-id=\"82f168d\" data-element_type=\"widget\" data-e-type=\"widget\" data-widget_type=\"heading.default\">\n\t\t\t\t<div class=\"elementor-widget-container\">\n\t\t\t\t\t<h4 class=\"elementor-heading-title elementor-size-default\">Zaist\u00edme spr\u00e1vne nastavenie siete pre r\u00fdchlej\u0161iu komunik\u00e1ciu a bezpe\u010dnej\u0161\u00ed pr\u00edstup na internet.<\/h4>\t\t\t\t<\/div>\n\t\t\t\t<\/div>\n\t\t\t\t\t<\/div>\n\t\t<\/div>\n\t\t\t\t\t<\/div>\n\t\t<\/section>\n\t\t\t\t<section class=\"elementor-section elementor-top-section elementor-element elementor-element-3075760 elementor-section-boxed elementor-section-height-default elementor-section-height-default\" data-id=\"3075760\" data-element_type=\"section\" data-e-type=\"section\">\n\t\t\t\t\t\t<div class=\"elementor-container elementor-column-gap-default\">\n\t\t\t\t\t<div class=\"elementor-column elementor-col-100 elementor-top-column elementor-element elementor-element-e3e8a5c\" data-id=\"e3e8a5c\" data-element_type=\"column\" data-e-type=\"column\">\n\t\t\t<div class=\"elementor-widget-wrap elementor-element-populated\">\n\t\t\t\t\t\t<div class=\"elementor-element elementor-element-23fed2e elementor-widget elementor-widget-text-editor\" data-id=\"23fed2e\" data-element_type=\"widget\" data-e-type=\"widget\" data-widget_type=\"text-editor.default\">\n\t\t\t\t<div class=\"elementor-widget-container\">\n\t\t\t\t\t\t\t\t\t<div class=\"wpb_text_column wpb_content_element \"><div class=\"wpb_wrapper\"><p>Spo\u013eahliv\u00fd a r\u00fdchly pr\u00edstup k aplik\u00e1ci\u00e1m, d\u00e1tam a k internetu je dnes \u0161tandardom, ktor\u00fd o\u010dak\u00e1va ka\u017ed\u00fd zamestnanec a u\u017e\u00edvate\u013e pracuj\u00faci s po\u010d\u00edta\u010dom. \u010casto sa ale st\u00e1va, \u017ee pr\u00e1ve zle navrhnut\u00e1 a nakonfigurovan\u00e1 sie\u0165 je t\u00fdm slab\u00fdm miestom, aj ke\u010f si plat\u00edte ten \u201enajsilnej\u0161\u00ed\u201c internet a m\u00e1te tie najr\u00fdchlej\u0161ie diskov\u00e9 polia servery.<\/p><p>Pon\u00fakame V\u00e1m na\u0161e slu\u017eby, aby sme navrhli optim\u00e1lne nov\u00e9 prostredie alebo spravili rev\u00edziu aktu\u00e1lneho stavu a zlep\u0161ili tak fungovanie Va\u0161ej siete. Pri anal\u00fdze sa vieme pozrie\u0165 aj na bezpe\u010dnostn\u00e9 nastavenia jednotliv\u00fdch komponentov siete a eliminova\u0165 slab\u00e9 miesta.<\/p><\/div><\/div>\t\t\t\t\t\t\t\t<\/div>\n\t\t\t\t<\/div>\n\t\t\t\t\t<\/div>\n\t\t<\/div>\n\t\t\t\t\t<\/div>\n\t\t<\/section>\n\t\t\t\t<section class=\"elementor-section elementor-top-section elementor-element elementor-element-323f8a5 elementor-section-boxed elementor-section-height-default elementor-section-height-default\" data-id=\"323f8a5\" data-element_type=\"section\" data-e-type=\"section\">\n\t\t\t\t\t\t<div class=\"elementor-container elementor-column-gap-default\">\n\t\t\t\t\t<div class=\"elementor-column elementor-col-100 elementor-top-column elementor-element elementor-element-a406896\" data-id=\"a406896\" data-element_type=\"column\" data-e-type=\"column\">\n\t\t\t<div class=\"elementor-widget-wrap elementor-element-populated\">\n\t\t\t\t\t\t<div class=\"elementor-element elementor-element-83a31dd elementor-widget elementor-widget-image\" data-id=\"83a31dd\" data-element_type=\"widget\" data-e-type=\"widget\" data-widget_type=\"image.default\">\n\t\t\t\t<div class=\"elementor-widget-container\">\n\t\t\t\t\t\t\t\t\t\t\t\t\t\t\t<img fetchpriority=\"high\" decoding=\"async\" width=\"640\" height=\"359\" src=\"https:\/\/www.nts.sk\/wp-content\/uploads\/2023\/02\/network-1024x575.jpg\" class=\"attachment-large size-large wp-image-798\" alt=\"\" srcset=\"https:\/\/www.nts.sk\/wp-content\/uploads\/2023\/02\/network-1024x575.jpg 1024w, https:\/\/www.nts.sk\/wp-content\/uploads\/2023\/02\/network-300x169.jpg 300w, https:\/\/www.nts.sk\/wp-content\/uploads\/2023\/02\/network-768x431.jpg 768w, https:\/\/www.nts.sk\/wp-content\/uploads\/2023\/02\/network.jpg 1200w\" sizes=\"(max-width: 640px) 100vw, 640px\" \/>\t\t\t\t\t\t\t\t\t\t\t\t\t\t\t<\/div>\n\t\t\t\t<\/div>\n\t\t\t\t\t<\/div>\n\t\t<\/div>\n\t\t\t\t\t<\/div>\n\t\t<\/section>\n\t\t\t\t<section class=\"elementor-section elementor-top-section elementor-element elementor-element-6706f68 elementor-section-boxed elementor-section-height-default elementor-section-height-default\" data-id=\"6706f68\" data-element_type=\"section\" data-e-type=\"section\">\n\t\t\t\t\t\t<div class=\"elementor-container elementor-column-gap-default\">\n\t\t\t\t\t<div class=\"elementor-column elementor-col-100 elementor-top-column elementor-element elementor-element-68aac9b\" data-id=\"68aac9b\" data-element_type=\"column\" data-e-type=\"column\">\n\t\t\t<div class=\"elementor-widget-wrap elementor-element-populated\">\n\t\t\t\t\t\t<div class=\"elementor-element elementor-element-69c9729 elementor-widget elementor-widget-heading\" data-id=\"69c9729\" data-element_type=\"widget\" data-e-type=\"widget\" data-widget_type=\"heading.default\">\n\t\t\t\t<div class=\"elementor-widget-container\">\n\t\t\t\t\t<h2 class=\"elementor-heading-title elementor-size-default\">Na\u0161e slu\u017eby v oblasti spr\u00e1vy siete<\/h2>\t\t\t\t<\/div>\n\t\t\t\t<\/div>\n\t\t\t\t\t<\/div>\n\t\t<\/div>\n\t\t\t\t\t<\/div>\n\t\t<\/section>\n\t\t\t\t<section class=\"elementor-section elementor-top-section elementor-element elementor-element-02031df elementor-section-boxed elementor-section-height-default elementor-section-height-default\" data-id=\"02031df\" data-element_type=\"section\" data-e-type=\"section\">\n\t\t\t\t\t\t<div class=\"elementor-container elementor-column-gap-default\">\n\t\t\t\t\t<div class=\"elementor-column elementor-col-100 elementor-top-column elementor-element elementor-element-424ed33\" data-id=\"424ed33\" data-element_type=\"column\" data-e-type=\"column\">\n\t\t\t<div class=\"elementor-widget-wrap elementor-element-populated\">\n\t\t\t\t\t\t<div class=\"elementor-element elementor-element-27651f4 elementor-widget elementor-widget-text-editor\" data-id=\"27651f4\" data-element_type=\"widget\" data-e-type=\"widget\" data-widget_type=\"text-editor.default\">\n\t\t\t\t<div class=\"elementor-widget-container\">\n\t\t\t\t\t\t\t\t\t<div class=\"aio-icon-header\"><h3 class=\"aio-icon-title ult-responsive\" data-ultimate-target=\"#Info-box-wrap-5351 .aio-icon-title\" data-responsive-json-new=\"{&quot;font-size&quot;:&quot;desktop:20px;&quot;,&quot;line-height&quot;:&quot;desktop:30px;&quot;}\">Monitoring siete<\/h3><\/div><div class=\"aio-icon-description ult-responsive\" data-ultimate-target=\"#Info-box-wrap-5351 .aio-icon-description\" data-responsive-json-new=\"{&quot;font-size&quot;:&quot;&quot;,&quot;line-height&quot;:&quot;&quot;}\">Vedie\u0165, \u010do sa deje na sieti a na jednotliv\u00fdch sie\u0165ov\u00fdch zariadeniach je z\u00e1kladom anal\u00fdzy sie\u0165ov\u00e9ho prostredia. Zozbieran\u00edm d\u00e1t, detailn\u00fdm logovan\u00edm, vieme vyhodnoti\u0165 slab\u00e9 miesta. Neust\u00e1lym monitoringom a nastaven\u00edm limitn\u00fdch parametrov vieme posiela\u0165 notifik\u00e1cie pri nezvy\u010dajnom chovan\u00ed na sieti alebo pri v\u00fdpadkoch jednotliv\u00fdch tr\u00e1s alebo zariaden\u00ed.<\/div>\t\t\t\t\t\t\t\t<\/div>\n\t\t\t\t<\/div>\n\t\t\t\t\t<\/div>\n\t\t<\/div>\n\t\t\t\t\t<\/div>\n\t\t<\/section>\n\t\t\t\t<section class=\"elementor-section elementor-top-section elementor-element elementor-element-61442ed elementor-section-boxed elementor-section-height-default elementor-section-height-default\" data-id=\"61442ed\" data-element_type=\"section\" data-e-type=\"section\">\n\t\t\t\t\t\t<div class=\"elementor-container elementor-column-gap-default\">\n\t\t\t\t\t<div class=\"elementor-column elementor-col-100 elementor-top-column elementor-element elementor-element-7886af3\" data-id=\"7886af3\" data-element_type=\"column\" data-e-type=\"column\">\n\t\t\t<div class=\"elementor-widget-wrap elementor-element-populated\">\n\t\t\t\t\t\t<div class=\"elementor-element elementor-element-bb67748 elementor-widget elementor-widget-text-editor\" data-id=\"bb67748\" data-element_type=\"widget\" data-e-type=\"widget\" data-widget_type=\"text-editor.default\">\n\t\t\t\t<div class=\"elementor-widget-container\">\n\t\t\t\t\t\t\t\t\t<div class=\"aio-icon-header\"><h3 class=\"aio-icon-title ult-responsive\" data-ultimate-target=\"#Info-box-wrap-3525 .aio-icon-title\" data-responsive-json-new=\"{&quot;font-size&quot;:&quot;desktop:20px;&quot;,&quot;line-height&quot;:&quot;desktop:30px;&quot;}\">Sie\u0165ov\u00e1 bezpe\u010dnos\u0165<\/h3><\/div><div class=\"aio-icon-description ult-responsive\" data-ultimate-target=\"#Info-box-wrap-3525 .aio-icon-description\" data-responsive-json-new=\"{&quot;font-size&quot;:&quot;&quot;,&quot;line-height&quot;:&quot;&quot;}\">Z\u00e1kladom sie\u0165ovej bezpe\u010dnosti s\u00fa firewally, ktor\u00fdch nastavenie si v enterprise prostred\u00ed vy\u017eaduje sk\u00fasenosti odborn\u00edkov. Pravidl\u00e1 na t\u00fdchto sie\u0165ov\u00fdch zariadeniach, spolu s \u010fal\u0161\u00edmi nastaveniami na switchoch, access pointoch a routroch ur\u010duj\u00fa \u010das\u0165 \u00farovne bezpe\u010dnosti va\u0161ej siete. Db\u00e1me na spr\u00e1vne nastaven\u00e9 pravidl\u00e1 a vyhodnocujeme po\u017eadovan\u00e9 pr\u00edstupy u\u017e\u00edvate\u013eov s dopadom na bezpe\u010dnos\u0165 siete.<\/div>\t\t\t\t\t\t\t\t<\/div>\n\t\t\t\t<\/div>\n\t\t\t\t\t<\/div>\n\t\t<\/div>\n\t\t\t\t\t<\/div>\n\t\t<\/section>\n\t\t\t\t<section class=\"elementor-section elementor-top-section elementor-element elementor-element-96460ed elementor-section-boxed elementor-section-height-default elementor-section-height-default\" data-id=\"96460ed\" data-element_type=\"section\" data-e-type=\"section\">\n\t\t\t\t\t\t<div class=\"elementor-container elementor-column-gap-default\">\n\t\t\t\t\t<div class=\"elementor-column elementor-col-100 elementor-top-column elementor-element elementor-element-e9fd6d9\" data-id=\"e9fd6d9\" data-element_type=\"column\" data-e-type=\"column\">\n\t\t\t<div class=\"elementor-widget-wrap elementor-element-populated\">\n\t\t\t\t\t\t<div class=\"elementor-element elementor-element-df6a714 elementor-widget elementor-widget-text-editor\" data-id=\"df6a714\" data-element_type=\"widget\" data-e-type=\"widget\" data-widget_type=\"text-editor.default\">\n\t\t\t\t<div class=\"elementor-widget-container\">\n\t\t\t\t\t\t\t\t\t<div class=\"aio-icon-header\"><h3 class=\"aio-icon-title ult-responsive\" data-ultimate-target=\"#Info-box-wrap-8605 .aio-icon-title\" data-responsive-json-new=\"{&quot;font-size&quot;:&quot;desktop:20px;&quot;,&quot;line-height&quot;:&quot;desktop:30px;&quot;}\">Komplexn\u00e1 spr\u00e1va siete<\/h3><\/div><div class=\"aio-icon-description ult-responsive\" data-ultimate-target=\"#Info-box-wrap-8605 .aio-icon-description\" data-responsive-json-new=\"{&quot;font-size&quot;:&quot;&quot;,&quot;line-height&quot;:&quot;&quot;}\">Prenechajte komplexn\u00fa starostlivos\u0165 o Va\u0161u sie\u0165 na n\u00e1s. \u010ci u\u017e p\u00f4jde o vypadnut\u00fd access point, nefunk\u010dn\u00fa kabel\u00e1\u017e, pravidl\u00e1 na virtu\u00e1lnych switchoch v prostred\u00ed Vmware alebo firewall pravidl\u00e1, m\u00f4\u017eete sa na n\u00e1s spo\u013eahn\u00fa\u0165.<\/div>\t\t\t\t\t\t\t\t<\/div>\n\t\t\t\t<\/div>\n\t\t\t\t\t<\/div>\n\t\t<\/div>\n\t\t\t\t\t<\/div>\n\t\t<\/section>\n\t\t\t\t<\/div>\n\t\t","protected":false},"excerpt":{"rendered":"<p>Aby ste mali v\u017edy bezpe\u010dn\u00e9 spojenie Zaist\u00edme spr\u00e1vne nastavenie siete pre r\u00fdchlej\u0161iu komunik\u00e1ciu a bezpe\u010dnej\u0161\u00ed pr\u00edstup na internet. Spo\u013eahliv\u00fd a r\u00fdchly pr\u00edstup k aplik\u00e1ci\u00e1m, d\u00e1tam a k internetu je dnes \u0161tandardom, ktor\u00fd o\u010dak\u00e1va ka\u017ed\u00fd zamestnanec a u\u017e\u00edvate\u013e pracuj\u00faci s po\u010d\u00edta\u010dom. \u010casto sa ale st\u00e1va, \u017ee pr\u00e1ve zle navrhnut\u00e1 a nakonfigurovan\u00e1 sie\u0165 je t\u00fdm slab\u00fdm miestom, aj ke\u010f si plat\u00edte ten&#8230;<\/p>\n","protected":false},"author":2,"featured_media":0,"parent":561,"menu_order":0,"comment_status":"closed","ping_status":"closed","template":"","meta":{"footnotes":"","_links_to":"","_links_to_target":""},"class_list":["post-623","page","type-page","status-publish","hentry"],"_links":{"self":[{"href":"https:\/\/www.nts.sk\/index.php\/wp-json\/wp\/v2\/pages\/623","targetHints":{"allow":["GET"]}}],"collection":[{"href":"https:\/\/www.nts.sk\/index.php\/wp-json\/wp\/v2\/pages"}],"about":[{"href":"https:\/\/www.nts.sk\/index.php\/wp-json\/wp\/v2\/types\/page"}],"author":[{"embeddable":true,"href":"https:\/\/www.nts.sk\/index.php\/wp-json\/wp\/v2\/users\/2"}],"replies":[{"embeddable":true,"href":"https:\/\/www.nts.sk\/index.php\/wp-json\/wp\/v2\/comments?post=623"}],"version-history":[{"count":4,"href":"https:\/\/www.nts.sk\/index.php\/wp-json\/wp\/v2\/pages\/623\/revisions"}],"predecessor-version":[{"id":801,"href":"https:\/\/www.nts.sk\/index.php\/wp-json\/wp\/v2\/pages\/623\/revisions\/801"}],"up":[{"embeddable":true,"href":"https:\/\/www.nts.sk\/index.php\/wp-json\/wp\/v2\/pages\/561"}],"wp:attachment":[{"href":"https:\/\/www.nts.sk\/index.php\/wp-json\/wp\/v2\/media?parent=623"}],"curies":[{"name":"wp","href":"https:\/\/api.w.org\/{rel}","templated":true}]}}